11. Determine n(-68).
-93
Let f(v) = v**2 - 15*v - 287. Calculate f(26).
-1
Let s(n) = -9*n**2 + 989*n + 6260. What is s(-6)?
2
Let j(r) = -313*r - 396. What is j(-2)?
230
Let r(q) = -3*q**3 - 4*q**2 + 6*q - 36. What is r(4)?
-268
Let k(m) = -m**2 - 45*m - 450. Calculate k(-15).
0
Let j(g) = -2*g**3 + 17*g**2 - 42*g + 69. Determine j(6).
-3
Let v(p) = -6*p + 14. What is v(25)?
-136
Let z(y) = y**2 + 21*y - 216. Give z(-29).
16
Let g(n) = -43*n + 21. Give g(0).
21
Let j(v) = -37*v - 189. Determine j(-8).
107
Let o(x) = 266*x + 1321. Give o(-5).
-9
Let q(m) = m**3 + 6*m**2 + 283*m + 1397. What is q(-5)?
7
Let h(n) = -n**2 - 2691*n - 18784. Determine h(-7).
4
Let c(q) = -994*q + 1. Determine c(0).
1
Let v(z) = 3*z**2 + 42*z + 84. Give v(-12).
12
Let s(d) = d**3 - 12*d**2 + 24*d - 7. Calculate s(9).
-34
Let k(m) = -76*m + 586. What is k(8)?
-22
Let q(f) = -35*f + 394. Give q(6).
184
Let r(u) = -u**2 - 250*u - 3926. What is r(-17)?
35
Let i(g) = 54*g - 3580. Determine i(66).
-16
Let o(t) = t**3 + 53*t**2 + 11*t + 19. Give o(-53).
-564
Let o(b) = b**3 - 30*b**2 - 90*b + 494. What is o(32)?
-338
Let h(c) = 324*c**2 + 33698*c + 211. Give h(-104).
3
Let s(m) = 2492*m + 12445. Calculate s(-5).
-15
Let o(r) = 96*r**3 - 3*r + 4. Give o(1).
97
Let i(b) = 4*b**2 - 83*b - 313. Calculate i(-4).
83
Let b(n) = -n**2 - 106*n - 2187. What is b(-85)?
-402
Let d(n) = -2*n**3 + 9*n**2 + 66*n - 65. What is d(10)?
-505
Let x(p) = -p**2 - 145*p + 1856. Determine x(12).
-28
Let f(x) = -x**3 + 5*x**2 - 8*x + 15. Calculate f(5).
-25
Let t(u) = 24*u**2 + 17*u - 62. Give t(4).
390
Let k(g) = -g**3 + 7*g**2 + 4*g + 10. What is k(4)?
74
Let r(u) = -u**3 + 9*u**2 - 234*u + 934. What is r(4)?
78
Let b(l) = 421*l - 10952. What is b(26)?
-6
Let h(n) = n**3 - 17*n**2 + 33*n - 76. Determine h(16).
196
Let q(y) = 13*y - 52. Determine q(13).
117
Let s(a) = -a**2 + 49*a - 98. Calculate s(46).
40
Let b(q) = -q**2 - 60*q - 903. Calculate b(-24).
-39
Let c(a) = -16*a - 51. Give c(-1).
-35
Let c(s) = -83*s + 413. Determine c(5).
-2
Let i(c) = 20*c + 30. Give i(7).
170
Let z(q) = -2*q**2 + 51*q - 44. Determine z(25).
-19
Let v(l) = 52*l - 296. Determine v(6).
16
Let v(j) = j**2 + j - 156. What is v(0)?
-156
Let f(d) = 599*d - 9005. Determine f(15).
-20
Let b(r) = -r**2 + 42*r + 106. Give b(30).
466
Let k(o) = 8*o - 538. What is k(61)?
-50
Let y(j) = -2*j**3 - 34*j**2 - 41*j - 681. Calculate y(-17).
16
Let t(l) = -19*l**2 + 76*l - 11. What is t(4)?
-11
Let o(u) = -4*u + 248. Determine o(67).
-20
Let o(m) = 76*m**2 + 375*m - 8. Determine o(-5).
17
Let j(s) = 44*s + 365. Determine j(-7).
57
Let f(c) = -2*c**3 - 29*c**2 - 52*c + 92. Determine f(-12).
-4
Let j(u) = -19851*u + 99257. Calculate j(5).
2
Let r(o) = 1828*o + 9347. Give r(-5).
207
Let o(h) = 1165*h + 1160. Give o(-1).
-5
Let l(w) = 2*w**3 + 40*w**2 + 76*w + 47. Give l(-18).
-25
Let y(i) = 13*i - 423. What is y(24)?
-111
Let d(k) = -k**3 + 13*k**2 - 9*k + 170. Give d(13).
53
Let p(o) = -5*o + 383. What is p(80)?
-17
Let k(o) = o**3 + 13*o**2 + 443. Calculate k(0).
443
Let b(y) = -5*y**2 + 92*y + 46. What is b(19)?
-11
Let q(k) = -618*k + 17308. Determine q(28).
4
Let n(a) = a**3 + 21*a**2 + 76*a - 310. Calculate n(-14).
-2
Let g(x) = x**3 - 60*x**2 - 120*x + 10556. Determine g(59).
-5
Let g(y) = 2*y**3 + 20*y**2 + 55*y + 24. Determine g(-4).
-4
Let q(z) = -9*z**2 - 118*z - 23. Determine q(-13).
-10
Let y(i) = -19*i**2 - 157*i - 1. What is y(-6)?
257
Let a(n) = -3*n**3 - 9*n**2 + 29*n + 3. Determine a(5).
-452
Let t(q) = -q**2 - 55*q - 557. What is t(-41)?
17
Let z(t) = -5*t**3 + t**2 + 17*t + 82. Give z(-4).
350
Let y(u) = 27*u + 126. Calculate y(-4).
18
Let g(n) = -26*n + 24. Determine g(-6).
180
Let m(w) = 14*w**3 - 3*w**2 + 3*w + 9. What is m(-2)?
-121
Let m(u) = -112*u**2 + 464*u - 17. What is m(4)?
47
Let s(n) = 211*n - 1900. Calculate s(9).
-1
Let v(c) = 4*c**2 - 299*c - 410. Determine v(77).
283
Let z(n) = n**2 - 44*n + 409. Determine z(14).
-11
Let a(z) = -2*z**3 + 12*z**2 - 28*z - 6. What is a(4)?
-54
Let i(v) = v**3 - 32*v**2 + 110*v + 15. Calculate i(4).
7
Let h(i) = i - 44. Determine h(-41).
-85
Let m(q) = 51*q + 846. Calculate m(-9).
387
Let d(q) = -2*q**3 - 87*q**2 + 1400*q - 19. Determine d(-56).
-19
Let p(c) = -c - 28. What is p(-6)?
-22
Let r(u) = u**2 - 43*u + 387. What is r(30)?
-3
Let w(u) = 108*u + 137. Calculate w(-6).
-511
Let b(f) = -3613*f + 25294. Calculate b(7).
3
Let a(v) = 2*v**2 + 216*v - 670. Give a(3).
-4
Let o(c) = c**3 + 2*c - 24. Determine o(6).
204
Let x(n) = -n**2 + 13*n + 422. What is x(26)?
84
Let q(c) = -c**3 - 12*c**2 + 3*c + 15. Calculate q(-10).
-215
Let l(c) = 414*c**2 - 2*c - 2. Calculate l(-1).
414
Let n(o) = 2*o**3 - 14*o**2 + 7*o - 30. Give n(7).
19
Let z(n) = -9*n**3 + 5*n**2 - 6*n - 11. What is z(-1)?
9
Let a(o) = -2*o**3 - 13*o**2 + 42*o + 165. Calculate a(-4).
-83
Let g(d) = -4*d**2 - 3*d - 2. Calculate g(2).
-24
Let x(g) = -2*g**2 + 575*g + 5257. What is x(-9)?
-80
Let h(u) = 8*u**2 + 53*u - 74. Determine h(2).
64
Let l(v) = -43*v + 361. What is l(6)?
103
Let u(x) = -80*x + 382. Give u(5).
-18
Let k(x) = -124*x - 111. What is k(-2)?
137
Let h(o) = o**2 - 18*o - 526. Calculate h(33).
-31
Let l(q) = -q**2 - 55*q - 714. Give l(-30).
36
Let t(p) = -p**3 + 89*p**2 + 83*p + 579. Determine t(90).
-51
Let j(w) = 67*w + 5974. Determine j(-93).
-257
Let h(s) = 7064*s - 56517. Determine h(8).
-5
Let u(j) = j**3 + 67*j**2 + 458*j - 855. Determine u(-59).
-29
Let c(z) = 1269*z - 5103. Calculate c(4).
-27
Let a(h) = 840*h + 3240. Give a(-4).
-120
Let h(q) = -81*q - 3309. Calculate h(-41).
12
Let r(b) = -b**2 + 38*b - 9. Determine r(39).
-48
Let r(h) = -h**3 - 16*h**2 + 30*h + 223. Determine r(-17).
2
Let o(i) = 3*i**3 - 18*i**2 - 21*i - 12. Give o(7).
-12
Let h(x) = -x**3 - 5*x**2 + 42*x + 118. What is h(-6)?
-98
Let n(d) = -13040*d + 26074. Determine n(2).
-6
Let u(f) = 4691*f - 18769. What is u(4)?
-5
Let l(c) = -5*c**2 + 106*c - 125. What is l(20)?
-5
Let i(b) = 243*b + 157. Give i(-1).
-86
Let u(j) = -14*j**2 + 3*j + 9. Calculate u(-2).
-53
Let u(s) = s**3 + 12*s**2 + 17*s - 24. Determine u(-10).
6
Let t(m) = 205*m - 338. Give t(2).
72
Let y(m) = 132*m**2 - 270*m - 4. Calculate y(2).
-16
Let p(w) = -w**2 - 81*w - 1128. What is p(-63)?
6
Let w(x) = 62*x - 120. Give w(5).
190
Let i(q) = -2*q**3 - 34*q**2 - 3*q - 13. Give i(-17).
38
Let b(a) = 15*a**2 + 116*a + 80. What is b(-7)?
3
Let g(z) = 49*z + 16. Determine g(3).
163
Let w(y) = 40*y**3 + y**2 + 9*y + 8. Calculate w(-1).
-40
Let y(g) = g**3 + 48*g**2 - 265*g - 6. Calculate y(-53).
-6
Let q(u) = -3*u**3 - 183*u**2 + 3*u + 71. Determine q(-61).
-112
Let r(w) = -41*w + 169. Calculate r(-15).
784
Let i(j) = -50*j + 1028. Give i(21).
-22
Let b(z) = 8*z**3 + 79*z**2 - z + 66. Give b(-10).
-24
Let c(t) = t**2 - 65*t - 3114. Determine c(97).
-10
Let k(o) = -o**3 + 33*o**2 - 234*o - 13. Determine k(23).
-105
Let c(m) = -m**3 - 24*m**2 - 9*m - 235. Determine c(-24).
-19
Let c(m) = -m**2 - 7*m + 1430. Give c(35).
-40
Let i(j) = -4*j**3 + 106*j**2 + 49*j + 134. Determine i(27).
-1
Let k(u) = u**3 + 14*u**2 + 6*u - 28. Give k(-13).
63
Let k(a) = 294*a + 2977. Calculate k(-10).
37
Let b(x) = -x**2 - x - 13. Calculate b(12).
-169
Let f(p) = 114*p - 240. Give f(3).
102
Let i(a) = -14*a**3 + 84*a**2 + 3. Give i(6).
3
Let v(r) = 494*r - 7893. Calculate v(16).
11
Let w(i) = -i**2 + 23*i + 734. Calculate w(40).
54
Let v(s) = 2*s**3 + 24*s**2 + 13*s + 44. Give v(-11).
143
Let l(f) = -f**2 + 27*f - 24. Calculate l(1).
2
Let l(j) = -j**3 - 28*j**2 - 131*j - 55. Calculate l(-23).
313
Let u(k) = -22251*k - 289257. What is u(-13)?
6
Let p(n) = -n**2 - 97*n - 2313. What is p(-39)?
-51
Let q(h) = 186*h + 601. What is q(-6)?
-515
Let r(o) = 328*o + 228. Determine r(-1).
-100
Let a(u) = -21*u + 280. Determine a(17).
-77
Let j(r) = r**3 + 93*r**2 + 91*r - 96. What is j(-92)?
-4
Let j(o) = -o**2 - 1428*o + 51207. Give j(35).
2
Let w(a) = -a**3 - 57*a**2 - 95*a + 793. Calculate w(-55).
-32
Let c(o) = 3*o**2 + 144*o + 278. Determine c(-43).
-367
Let v(y) = -62*y - 1561. What is v(-24)?
-73
Let p(k) = 62*k + 923. What is p(-11)?
241
Let o(s) = -4*s**3 + 3*s**2 - 11*s. Give o(4).
-252
Let p(f) = 14*f - 72. Determine p(8).
40
Let l(o) = 2*o - 82. Calculate l(-4).
-90
Let 